 be w(-2). Suppose 2*m - 862 = i*d - 2269, -3*m + 12 = 0. List the prime factors of d.
283
Let v = -35 - -91. Suppose 0 = 4*p + z + v + 119, 0 = -2*p - 4*z - 70. List the prime factors of (-10)/p + (-1 - 844/(-9)).
3, 31
Let y = 0 - 0. Suppose 3*l - 7*f + 3*f - 44 = y, -2*l + 6 = 2*f. What are the prime factors of -10*4/l*(-8 - -1)?
5, 7
Suppose 0 = 9*c - 12*c - 5*r + 17549, -2*c + 11712 = -3*r. List the prime factors of c.
3, 1951
Suppose 16*v - 115568 = 161606 - 84486. What are the prime factors of v?
12043
Suppose 2*j = 15*j + 767. Let f = -51 - j. Suppose -20 = 5*m, f*h - 4*h - m = 476. What are the prime factors of h?
2, 59
Let j be (-1)/(45/(-63) - (-4)/(-14)). What are the prime factors of j/((-6)/(-3120)*5)?
2, 13
Suppose -1323*m + 81355 = -1318*m. What are the prime factors of m?
53, 307
Let u(j) = -3*j**2 - 23*j + 11. Let v be u(-11). Let k be ((-418)/v - (-4)/(-18))/1. Let q(h) = 5*h**2 - 4*h + 23. What are the prime factors of q(k)?
3, 29
Let c = -13 - -16. Suppose -5*i - 2*i + 35 = 0. Suppose i*r + 0*s - c*s - 110 = 0, -s - 5 = 0. List the prime factors of r.
19
Let j be 47/(-9) + (-4)/90*-5. List the prime factors of ((24/j)/(-3))/((-140)/(-14350)).
2, 41
Let r(k) = 13*k**2 - 6*k + 6. Let y = 287 - 282. What are the prime factors of r(y)?
7, 43
Suppose 2*y + 163*d - 13306 = 167*d, -2*y - 4*d + 13298 = 0. List the prime factors of y.
3, 739
Let x(t) be the second derivative of 0 - 1/12*t**4 + 163/2*t**2 - 1/3*t**3 - 1/20*t**5 + 19*t. List the prime factors of x(0).
163
Suppose 2*s - 5*d = 2545, 4*s - 7*d - 5025 = -10*d. List the prime factors of s.
2, 3, 5, 7
Suppose 10*n = 27 - 87. Let f(o) = 12*o**2 - 8*o - 17. What are the prime factors of f(n)?
463
Let z(c) = c + 7. Let t be z(-5). Suppose 5*b - t*k = 1075, -3*b + 0*b + 3*k = -636. Let q = -129 + b. What are the prime factors of q?
2, 11
What are the prime factors of (-156164)/(-8) - -12 - (0 + (-1)/2)?
3, 17, 383
Let l = 34 + -19. Let a = 15 - l. Suppose a = -8*w + 2*w + 504. What are the prime factors of w?
2, 3, 7
Suppose 23850 = 39*i - 37341. Suppose w - a = i, -4*a = -13*w + 17*w - 6268. List the prime factors of w.
2, 7
Suppose 3*t + 21*s - 29874 = 23*s, 0 = t - 3*s - 9972. What are the prime factors of t?
2, 3, 7, 79
Let v(l) = -l**2 - 23*l - 13. Let b(n) = 45*n + 5. Let i be b(2). Suppose -r - 19 = h, -h + i = -5*r + 3*h. What are the prime factors of v(r)?
3, 7
Let h = 103188 - 60202. What are the prime factors of h?
2, 21493
Let k(m) be the first derivative of m**4/4 + 16*m**3/3 + 7*m**2 - 17*m - 3. Let s be k(-15). List the prime factors of 22/((-1)/(1/s)).
11
Let o = 65 + -56. Suppose -4*f + o = -7. Suppose 3*d = 4*d + 2*b - 136, f*d - 523 = -b. List the prime factors of d.
2, 5, 13
Suppose -205*b = -174*b - 481213. List the prime factors of b.
19, 43
Let x = 6816 - 3959. List the prime factors of x.
2857
Suppose 0 = 13*z - 26914 - 12281. What are the prime factors of z?
3, 5, 67
Suppose -10 + 11 = u. Let n(p) = 284*p**2 - 283*p**2 + 12*p - 3 - u. What are the prime factors of n(-20)?
2, 3, 13
Let d(p) = -p**2 + 3*p + 3. Let x be d(2). Suppose -4*b = i + 8, 0 = -x*i - 4*b - 54 + 14. What are the prime factors of (i/(-5) - 0)*(-25)/(-2)?
2, 5
Let o(n) = 4*n**2 + 242*n - 697. What are the prime factors of o(-100)?
11, 1373
Let w(o) = -27*o**2 - 8*o - 8*o + 11*o - 1 + 34*o**2. Let c be ((-4)/(-3))/(2/6). What are the prime factors of w(c)?
7, 13
Let p = -723 - 3056. List the prime factors of (132/(-24) + 6)*(-1 - p).
1889
Let z = 906 - 514. Suppose -3*u = -z - 388. List the prime factors of u.
2, 5, 13
Let j be 495/90 - 1/(-2). Let n = j + 216. List the prime factors of n.
2, 3, 37
Let j(h) = -1166*h**3 + h**2 + 117*h + 225. What are the prime factors of j(-2)?
9323
Let t(h) = -h**3 + 18*h**2 + 17*h + 43. Let b be t(18). Suppose 0 = -2*z + b + 167. List the prime factors of z.
2, 3, 43
Suppose -6*m = -m + 3*r + 137, 4*m + 4*r = -116. List the prime factors of 1379 + 0 - (m + 30).
2, 3, 229
Let o be 3/(-4) - 198/(-8). Let r be o*1/2*-2 - -4. What are the prime factors of (-3 + (-308)/r)*5?
2, 31
Suppose 5*q + 3*m - 9163 = 0, 0 = -3*q + 3*m + 4742 + 775. List the prime factors of q.
5, 367
Suppose 10*q - 414462 = -73*q + 860169. List the prime factors of q.
3, 5119
Suppose 5*a - 11695 = -3*i, -2*a - 16714 = -3*i - 4991. What are the prime factors of i?
5, 11, 71
Suppose 4*t + 3*t = 448. Suppose t = -3*r + 64. Suppose r = v - 55 - 42. What are the prime factors of v?
97
Suppose 808*c - 73896 = 804*c + 132384. What are the prime factors of c?
2, 3, 5, 191
What are the prime factors of -3 + 2268 - (2*-2 - -2)?
2267
Let l(w) = 11*w**2 - 3*w - 2. Let z be l(-1). Let o = z - 8. Suppose -b + 123 = -o*k, 3*b - 5*k - 262 - 72 = 0. What are the prime factors of b?
103
Suppose -859976 = -99*k + 44389. List the prime factors of k.
3, 5, 7, 29
Let i(m) = 4*m + 1. Let w be i(-1). Suppose 2*o - 24 = o + 2*u, -4*o + 108 = -4*u. Let p = o - w. List the prime factors of p.
3, 11
Suppose 3*a - y = 3*y + 1218, -4*a - y = -1605. Suppose 20*k - a = 17*k. Suppose -9*x = -109 - k. List the prime factors of x.
3
Suppose 24*k - 18*k = -14004. Let i = 4077 + k. What are the prime factors of i?
3, 7, 83
Let g(l) = 604*l - 3098. What are the prime factors of g(21)?
2, 4793
Suppose 0 = -15*q - 69 - 111. Let d(b) = -b**3 - 7*b**2 + 18*b - 1. List the prime factors of d(q).
503
Let z(w) = w**3 - 14*w**2 - 77*w - 17. Let k be z(19). Let x = k - 313. What are the prime factors of x?
2, 3
Let f = -41 - -44. Suppose -30 = -3*n - f*n. Suppose 0*z = -n*z + 315. List the prime factors of z.
3, 7
Suppose -3*h + d + 3957 = 0, -2*d - 5238 = -4*h - 7*d. List the prime factors of h.
3, 439
Suppose -20*q - 27953 + 274854 = -1472959. What are the prime factors of q?
113, 761
Suppose -5*k + 32711 = -2*d, 109*k - 2*d - 19629 = 106*k. List the prime factors of k.
31, 211
Suppose 32*r - 84541 - 270275 = 0. List the prime factors of r.
2, 3, 7, 11
List the prime factors of (12 + -13)*(1 - 5670).
5669
Suppose -3123*m + 3013*m + 2721730 = 0. What are the prime factors of m?
109, 227
Suppose t - v = 1457 + 1223, -3*t + 2*v = -8036. Suppose -11384 = -10*y + t. What are the prime factors of y?
2, 19, 37
List the prime factors of (196/(-3) - -4)/((-12856)/2568 + 5).
2, 23, 107
Let a(k) = 5*k**2 - 119*k - 5. Suppose -212*g + 24 = -211*g. List the prime factors of a(g).
19
Suppose -4*k = 4*m - 60, 5*k + 33 - 57 = -2*m. Let d be 73 + (0 - 2) + 2. Let f = d + m. List the prime factors of f.
2, 3, 5
Suppose d = t + 3, -6 = -2*d + 3*t - 1. Let k(i) = -16*i + 14. Let l be k(d). Let m = 86 + l. List the prime factors of m.
2, 3
Let f = 209 - 205. Suppose 0 = g + f*q - 72, -406 = 4*g - 9*g + 3*q. List the prime factors of g.
2, 5
Let g(i) = i**2 - 6*i + 6. Let u be g(4). Let o be (-4)/(24/(-9))*u*2. List the prime factors of ((-24)/4 - o/2) + 72.
3, 23
Suppose 122 = -5*x - 173. Let v = x - -199. List the prime factors of v.
2, 5, 7
Suppose -4*a - 3*i + 88562 = 0, 2*i = -2*a - 18989 + 63273. What are the prime factors of a?
2, 2767
Let c = 36895 - 14503. What are the prime factors of c?
2, 3, 311
Let c(j) be the second derivative of j**4/12 - 61*j**2/2 + 4*j - 4. What are the prime factors of c(-9)?
2, 5
Let g = -50460 + 116709. What are the prime factors of g?
3, 17, 433
Let o = 109 + -69. Let f = o - 52. List the prime factors of (40/f)/(-1)*(-84)/(-10).
2, 7
Suppose -s = 3*l - 3*s - 5, 2*l - 8 = -s. Let c be -1 + (-50)/l - 8/(-12). List the prime factors of (-85)/c + 1*226.
3, 7, 11
Let d(m) be the third derivative of -1/30*m**5 - 4*m**2 + 0*m - 1/60*m**6 + 0 - 1/4*m**4 - m**3. List the prime factors of d(-3).
2, 3
Let r be -17 + (-2)/2 + -1. Let x be (-4)/(-7) - (-995)/35. Let u = x + r. What are the prime factors of u?
2, 5
Let a(h) = -54*h - 100. Let j be a(-6). Suppose 0 = 227*b - j*b - 1116. List the prime factors of b.
2, 3, 31
Suppose -10*k - 6 = -16*k. Let u(s) = 3*s - 1 + 3 - 3 + 131*s**2 - 1. What are the prime factors of u(k)?
2, 3, 11
Suppose 3*y = 5*o + 15376, 10239 = 2*y - 53*o + 48*o. List the prime factors of y.
11, 467
Let l(n) = 4*n**2 + 17*n - 79. Suppose -80 = 36*q - 44*q. List the prime factors of l(q).
491
Let t(u) = -u + 16. Let o be t(7). Suppose 3*r - 3*i + o = -7*i, -5*i + 6 = -2*r. Let p(n) = -4*n**3 